CRAN Package Check Results for Package prospectr

Last updated on 2020-08-07 10:07:40 CEST.

Flavor Version Tinstall Tcheck Ttotal Status Flags
r-devel-linux-x86_64-debian-clang 0.2.0 75.75 78.80 154.55 NOTE
r-devel-linux-x86_64-debian-gcc 0.2.0 54.93 58.97 113.90 NOTE
r-devel-linux-x86_64-fedora-clang 0.2.0 208.08 NOTE
r-devel-linux-x86_64-fedora-gcc 0.2.0 187.99 NOTE
r-devel-windows-ix86+x86_64 0.2.0 194.00 141.00 335.00 NOTE
r-patched-linux-x86_64 0.2.0 58.64 75.64 134.28 NOTE
r-patched-solaris-x86 0.2.0 252.70 NOTE
r-release-linux-x86_64 0.2.0 58.87 77.09 135.96 NOTE
r-release-macos-x86_64 0.2.0 NOTE
r-release-windows-ix86+x86_64 0.2.0 190.00 170.00 360.00 NOTE
r-oldrel-macos-x86_64 0.2.0 NOTE
r-oldrel-windows-ix86+x86_64 0.2.0 125.00 117.00 242.00 NOTE

Check Details

Version: 0.2.0
Check: package dependencies
Result: NOTE
    Package suggested but not available for checking: 'resemble'
Flavors: r-devel-linux-x86_64-debian-clang, r-devel-linux-x86_64-debian-gcc, r-devel-linux-x86_64-fedora-clang, r-devel-linux-x86_64-fedora-gcc, r-patched-linux-x86_64, r-patched-solaris-x86, r-release-linux-x86_64, r-release-macos-x86_64

Version: 0.2.0
Check: installed package size
Result: NOTE
     installed size is 7.5Mb
     sub-directories of 1Mb or more:
     data 4.0Mb
     libs 3.1Mb
Flavors: r-devel-linux-x86_64-fedora-clang, r-devel-windows-ix86+x86_64, r-release-macos-x86_64, r-release-windows-ix86+x86_64, r-oldrel-macos-x86_64, r-oldrel-windows-ix86+x86_64