CRAN Package Check Results for Package prompt

Last updated on 2023-02-01 10:51:57 CET.

Flavor Version Tinstall Tcheck Ttotal Status Flags
r-devel-linux-x86_64-debian-clang 1.0.1 2.64 32.06 34.70 NOTE
r-devel-linux-x86_64-debian-gcc 1.0.1 2.25 25.00 27.25 NOTE
r-devel-linux-x86_64-fedora-clang 1.0.1 44.88 NOTE
r-devel-linux-x86_64-fedora-gcc 1.0.1 43.35 NOTE
r-devel-windows-x86_64 1.0.1 20.00 63.00 83.00 NOTE
r-patched-linux-x86_64 1.0.1 3.19 30.86 34.05 NOTE
r-release-linux-x86_64 1.0.1 2.71 31.55 34.26 NOTE
r-release-macos-arm64 1.0.1 17.00 NOTE
r-release-macos-x86_64 1.0.1 25.00 NOTE
r-release-windows-x86_64 1.0.1 24.00 64.00 88.00 NOTE
r-oldrel-macos-arm64 1.0.1 22.00 NOTE
r-oldrel-macos-x86_64 1.0.1 32.00 NOTE
r-oldrel-windows-ix86+x86_64 1.0.1 8.00 59.00 67.00 NOTE

Check Details

Version: 1.0.1
Check: LazyData
Result: NOTE
     'LazyData' is specified without a 'data' directory
Flavors: r-devel-linux-x86_64-debian-clang, r-devel-linux-x86_64-debian-gcc, r-devel-linux-x86_64-fedora-clang, r-devel-linux-x86_64-fedora-gcc, r-devel-windows-x86_64, r-patched-linux-x86_64, r-release-linux-x86_64, r-release-macos-arm64, r-release-macos-x86_64, r-release-windows-x86_64, r-oldrel-macos-arm64, r-oldrel-macos-x86_64, r-oldrel-windows-ix86+x86_64