CRAN Package Check Results for Package projects

Last updated on 2022-09-29 09:55:39 CEST.

Flavor Version Tinstall Tcheck Ttotal Status Flags
r-devel-linux-x86_64-debian-clang 2.1.3 7.25 64.24 71.49 OK
r-devel-linux-x86_64-debian-gcc 2.1.3 5.03 48.25 53.28 OK
r-devel-linux-x86_64-fedora-clang 2.1.3 100.00 NOTE
r-devel-linux-x86_64-fedora-gcc 2.1.3 93.54 NOTE
r-devel-windows-x86_64 2.1.3 47.00 94.00 141.00 OK
r-patched-linux-x86_64 2.1.3 7.16 60.74 67.90 OK
r-release-linux-x86_64 2.1.3 5.50 61.01 66.51 OK
r-release-macos-arm64 2.1.3 31.00 NOTE
r-release-macos-x86_64 2.1.3 48.00 NOTE
r-release-windows-x86_64 2.1.3 31.00 88.00 119.00 OK
r-oldrel-macos-arm64 2.1.3 26.00 NOTE
r-oldrel-macos-x86_64 2.1.3 42.00 NOTE
r-oldrel-windows-ix86+x86_64 2.1.3 16.00 94.00 110.00 OK

Check Details

Version: 2.1.3
Check: dependencies in R code
Result: NOTE
    Namespace in Imports field not imported from: ‘methods’
     All declared Imports should be used.
Flavors: r-devel-linux-x86_64-fedora-clang, r-devel-linux-x86_64-fedora-gcc, r-release-macos-arm64, r-release-macos-x86_64, r-oldrel-macos-arm64, r-oldrel-macos-x86_64