CRAN Package Check Results for Package progress

Last updated on 2021-04-22 10:49:18 CEST.

Flavor Version Tinstall Tcheck Ttotal Status Flags
r-devel-linux-x86_64-debian-clang 1.2.2 3.14 30.35 33.49 NOTE
r-devel-linux-x86_64-debian-gcc 1.2.2 2.63 24.20 26.83 NOTE
r-devel-linux-x86_64-fedora-clang 1.2.2 53.57 NOTE
r-devel-linux-x86_64-fedora-gcc 1.2.2 42.03 NOTE
r-devel-windows-ix86+x86_64 1.2.2 7.00 53.00 60.00 NOTE
r-devel-windows-x86_64-gcc10-UCRT 1.2.2 NOTE
r-patched-linux-x86_64 1.2.2 3.50 29.93 33.43 OK
r-patched-solaris-x86 1.2.2 63.00 OK
r-release-linux-x86_64 1.2.2 3.12 30.28 33.40 OK
r-release-macos-x86_64 1.2.2 OK
r-release-windows-ix86+x86_64 1.2.2 9.00 40.00 49.00 OK
r-oldrel-macos-x86_64 1.2.2 OK
r-oldrel-windows-ix86+x86_64 1.2.2 16.00 46.00 62.00 OK

Check Details

Version: 1.2.2
Check: LazyData
Result: NOTE
     'LazyData' is specified without a 'data' directory
Flavors: r-devel-linux-x86_64-debian-clang, r-devel-linux-x86_64-debian-gcc, r-devel-linux-x86_64-fedora-clang, r-devel-linux-x86_64-fedora-gcc, r-devel-windows-ix86+x86_64, r-devel-windows-x86_64-gcc10-UCRT