Last updated on 2024-04-18 10:49:58 CEST.
Flavor | Version | Tinstall | Tcheck | Ttotal | Status | Flags |
---|---|---|---|---|---|---|
r-devel-linux-x86_64-debian-clang | 0.99-3 | 4.81 | 101.33 | 106.14 | NOTE | |
r-devel-linux-x86_64-debian-gcc | 0.99-3 | 4.23 | 71.31 | 75.54 | NOTE | |
r-devel-linux-x86_64-fedora-clang | 0.99-3 | 128.49 | NOTE | |||
r-devel-linux-x86_64-fedora-gcc | 0.99-3 | 132.16 | NOTE | |||
r-prerel-macos-arm64 | 0.99-3 | 44.00 | NOTE | |||
r-prerel-windows-x86_64 | 0.99-3 | 5.00 | 107.00 | 112.00 | NOTE | |
r-patched-linux-x86_64 | 0.99-3 | 5.33 | 94.89 | 100.22 | NOTE | |
r-release-linux-x86_64 | 0.99-3 | 4.85 | 101.94 | 106.79 | OK | |
r-release-macos-arm64 | 0.99-3 | 51.00 | OK | |||
r-release-macos-x86_64 | 0.99-3 | 81.00 | OK | |||
r-release-windows-x86_64 | 0.99-3 | 6.00 | 121.00 | 127.00 | OK | |
r-oldrel-macos-arm64 | 0.99-3 | 42.00 | OK | |||
r-oldrel-windows-x86_64 | 0.99-3 | 9.00 | 126.00 | 135.00 | OK |
Version: 0.99-3
Check: Rd files
Result: NOTE
checkRd: (-1) proftools-package.Rd:40: Lost braces
40 | by the code{kcachegrind} program available on some operating
| ^
Flavors: r-devel-linux-x86_64-debian-clang, r-devel-linux-x86_64-debian-gcc, r-devel-linux-x86_64-fedora-clang, r-devel-linux-x86_64-fedora-gcc, r-prerel-macos-arm64, r-prerel-windows-x86_64, r-patched-linux-x86_64