Last updated on 2022-05-28 10:50:53 CEST.
Flavor | Version | Tinstall | Tcheck | Ttotal | Status | Flags |
---|---|---|---|---|---|---|
r-devel-linux-x86_64-debian-clang | 0.1.6 | 5.45 | 67.98 | 73.43 | OK | |
r-devel-linux-x86_64-debian-gcc | 0.1.6 | 5.07 | 50.92 | 55.99 | OK | |
r-devel-linux-x86_64-fedora-clang | 0.1.6 | 88.27 | NOTE | |||
r-devel-linux-x86_64-fedora-gcc | 0.1.6 | 74.06 | NOTE | |||
r-devel-windows-x86_64 | 0.1.6 | 14.00 | 94.00 | 108.00 | OK | |
r-patched-linux-x86_64 | 0.1.6 | 5.97 | 63.32 | 69.29 | OK | |
r-release-linux-x86_64 | 0.1.6 | 4.24 | 63.18 | 67.42 | OK | |
r-release-macos-arm64 | 0.1.6 | 50.00 | NOTE | |||
r-release-macos-x86_64 | 0.1.6 | 68.00 | NOTE | |||
r-release-windows-x86_64 | 0.1.6 | 16.00 | 91.00 | 107.00 | OK | |
r-oldrel-macos-arm64 | 0.1.6 | 52.00 | NOTE | |||
r-oldrel-macos-x86_64 | 0.1.6 | 64.00 | NOTE | |||
r-oldrel-windows-ix86+x86_64 | 0.1.6 | 15.00 | 89.00 | 104.00 | OK |
Version: 0.1.6
Check: dependencies in R code
Result: NOTE
Namespaces in Imports field not imported from:
‘curl’ ‘lubridate’
All declared Imports should be used.
Flavors: r-devel-linux-x86_64-fedora-clang, r-devel-linux-x86_64-fedora-gcc, r-release-macos-arm64, r-release-macos-x86_64, r-oldrel-macos-arm64, r-oldrel-macos-x86_64