Last updated on 2024-04-22 10:56:33 CEST.
Flavor | Version | Tinstall | Tcheck | Ttotal | Status | Flags |
---|---|---|---|---|---|---|
r-devel-linux-x86_64-debian-clang | 2.6.1 | 6.00 | 55.97 | 61.97 | OK | |
r-devel-linux-x86_64-debian-gcc | 2.6.1 | 6.11 | 43.49 | 49.60 | OK | |
r-devel-linux-x86_64-fedora-clang | 2.6.1 | 80.15 | NOTE | |||
r-devel-linux-x86_64-fedora-gcc | 2.6.1 | 75.69 | OK | |||
r-prerel-macos-arm64 | 2.6.1 | 26.00 | NOTE | |||
r-prerel-windows-x86_64 | 2.6.1 | 8.00 | 64.00 | 72.00 | NOTE | |
r-patched-linux-x86_64 | 2.6.1 | 5.76 | 55.28 | 61.04 | OK | |
r-release-linux-x86_64 | 2.6.1 | 5.47 | 53.98 | 59.45 | OK | |
r-release-macos-arm64 | 2.6.1 | 34.00 | NOTE | |||
r-release-macos-x86_64 | 2.6.1 | 47.00 | NOTE | |||
r-release-windows-x86_64 | 2.6.1 | 10.00 | 73.00 | 83.00 | NOTE | |
r-oldrel-macos-arm64 | 2.6.1 | 31.00 | NOTE | |||
r-oldrel-windows-x86_64 | 2.6.1 | 11.00 | 78.00 | 89.00 | NOTE |
Version: 2.6.1
Check: installed package size
Result: NOTE
installed size is 5.6Mb
sub-directories of 1Mb or more:
shinyApp 5.4Mb
Flavors: r-devel-linux-x86_64-fedora-clang, r-prerel-macos-arm64, r-prerel-windows-x86_64, r-release-macos-arm64, r-release-macos-x86_64, r-release-windows-x86_64, r-oldrel-macos-arm64, r-oldrel-windows-x86_64