Last updated on 2022-07-02 10:49:36 CEST.
Flavor | Version | Tinstall | Tcheck | Ttotal | Status | Flags |
---|---|---|---|---|---|---|
r-devel-linux-x86_64-debian-clang | 2.4.0 | 5.19 | 54.92 | 60.11 | OK | |
r-devel-linux-x86_64-debian-gcc | 2.4.0 | 5.03 | 43.23 | 48.26 | OK | |
r-devel-linux-x86_64-fedora-clang | 2.4.0 | 83.31 | NOTE | |||
r-devel-linux-x86_64-fedora-gcc | 2.4.0 | 83.53 | OK | |||
r-devel-windows-x86_64 | 2.4.0 | 44.00 | 82.00 | 126.00 | NOTE | |
r-patched-linux-x86_64 | 2.4.0 | 5.90 | 54.52 | 60.42 | OK | |
r-release-linux-x86_64 | 2.4.0 | 5.25 | 53.55 | 58.80 | OK | |
r-release-macos-arm64 | 2.4.0 | 27.00 | NOTE | |||
r-release-macos-x86_64 | 2.4.0 | 50.00 | NOTE | |||
r-release-windows-x86_64 | 2.4.0 | 60.00 | 87.00 | 147.00 | NOTE | |
r-oldrel-macos-arm64 | 2.4.0 | 26.00 | NOTE | |||
r-oldrel-macos-x86_64 | 2.4.0 | 36.00 | NOTE | |||
r-oldrel-windows-ix86+x86_64 | 2.4.0 | 17.00 | 79.00 | 96.00 | NOTE |
Version: 2.4.0
Check: installed package size
Result: NOTE
installed size is 5.6Mb
sub-directories of 1Mb or more:
shinyApp 5.4Mb
Flavors: r-devel-linux-x86_64-fedora-clang, r-devel-windows-x86_64, r-release-macos-arm64, r-release-macos-x86_64, r-release-windows-x86_64, r-oldrel-macos-arm64, r-oldrel-macos-x86_64, r-oldrel-windows-ix86+x86_64