Last updated on 2024-03-28 10:49:44 CET.
Flavor | Version | Tinstall | Tcheck | Ttotal | Status | Flags |
---|---|---|---|---|---|---|
r-devel-linux-x86_64-debian-clang | 0.2.9 | 6.09 | 107.91 | 114.00 | NOTE | |
r-devel-linux-x86_64-debian-gcc | 0.2.9 | 3.77 | 83.12 | 86.89 | NOTE | |
r-devel-linux-x86_64-fedora-clang | 0.2.9 | 137.73 | NOTE | |||
r-devel-linux-x86_64-fedora-gcc | 0.2.9 | 154.12 | NOTE | |||
r-devel-windows-x86_64 | 0.2.9 | 6.00 | 125.00 | 131.00 | NOTE | |
r-patched-linux-x86_64 | 0.2.9 | 7.52 | 104.75 | 112.27 | NOTE | |
r-release-linux-x86_64 | 0.2.9 | 4.96 | 104.18 | 109.14 | OK | |
r-release-macos-arm64 | 0.2.9 | 100.00 | OK | |||
r-release-macos-x86_64 | 0.2.9 | 182.00 | OK | |||
r-release-windows-x86_64 | 0.2.9 | 7.00 | 136.00 | 143.00 | OK | |
r-oldrel-macos-arm64 | 0.2.9 | 71.00 | OK | |||
r-oldrel-windows-x86_64 | 0.2.9 | 7.00 | 133.00 | 140.00 | OK |
Version: 0.2.9
Check: Rd files
Result: NOTE
checkRd: (-1) prereg_initialize.Rd:20: Lost braces; missing escapes or markup?
20 | the (pre)registration form specification (in {preregr} format), see the
| ^
checkRd: (-1) prereg_initialize.Rd:23: Lost braces; missing escapes or markup?
23 | specification, or a loaded or imported {preregr} (pre)registration form.
| ^
checkRd: (-1) prereg_initialize.Rd:26: Lost braces; missing escapes or markup?
26 | For an introduction to working with {preregr} (pre)registrations,
| ^
checkRd: (-1) rmd_templates.Rd:75: Lost braces; missing escapes or markup?
75 | This function creates an R Markdown template from a {preregr}
| ^
checkRd: (-1) rmd_templates.Rd:77: Lost braces; missing escapes or markup?
77 | Sheet holding the (pre)registration form specification (in {preregr}
| ^
checkRd: (-1) rmd_templates.Rd:81: Lost braces; missing escapes or markup?
81 | specification, or a loaded or imported {preregr} (pre)registration form.
| ^
Flavors: r-devel-linux-x86_64-debian-clang, r-devel-linux-x86_64-debian-gcc, r-devel-linux-x86_64-fedora-clang, r-devel-linux-x86_64-fedora-gcc, r-devel-windows-x86_64, r-patched-linux-x86_64
Version: 0.2.9
Check: data for non-ASCII characters
Result: NOTE
Note: found 96 marked UTF-8 strings
Flavors: r-devel-linux-x86_64-fedora-clang, r-devel-linux-x86_64-fedora-gcc