CRAN Package Check Results for Package povcalnetR

Last updated on 2022-10-04 10:49:41 CEST.

Flavor Version Tinstall Tcheck Ttotal Status Flags
r-devel-linux-x86_64-debian-clang 0.1.1 3.29 38.03 41.32 OK
r-devel-linux-x86_64-debian-gcc 0.1.1 2.84 29.35 32.19 OK
r-devel-linux-x86_64-fedora-clang 0.1.1 63.90 NOTE
r-devel-linux-x86_64-fedora-gcc 0.1.1 58.39 NOTE
r-devel-windows-x86_64 0.1.1 6.00 71.00 77.00 OK
r-patched-linux-x86_64 0.1.1 2.50 37.01 39.51 OK
r-release-linux-x86_64 0.1.1 2.19 35.85 38.04 OK
r-release-macos-arm64 0.1.1 24.00 NOTE
r-release-macos-x86_64 0.1.1 37.00 NOTE
r-release-windows-x86_64 0.1.1 28.00 79.00 107.00 OK
r-oldrel-macos-arm64 0.1.1 25.00 NOTE
r-oldrel-macos-x86_64 0.1.1 35.00 NOTE
r-oldrel-windows-ix86+x86_64 0.1.1 9.00 65.00 74.00 OK

Check Details

Version: 0.1.1
Check: dependencies in R code
Result: NOTE
    Namespace in Imports field not imported from: ‘memoise’
     All declared Imports should be used.
Flavors: r-devel-linux-x86_64-fedora-clang, r-devel-linux-x86_64-fedora-gcc, r-release-macos-arm64, r-release-macos-x86_64, r-oldrel-macos-arm64, r-oldrel-macos-x86_64