CRAN Package Check Results for Package postGGIR

Last updated on 2023-10-03 11:11:28 CEST.

Flavor Version Tinstall Tcheck Ttotal Status Flags
r-devel-linux-x86_64-debian-clang 2.4.0.2 28.29 214.47 242.76 OK
r-devel-linux-x86_64-debian-gcc 2.4.0.2 23.02 157.64 180.66 OK
r-devel-linux-x86_64-fedora-clang 2.4.0.2 291.86 NOTE
r-devel-linux-x86_64-fedora-gcc 2.4.0.2 303.36 NOTE
r-devel-windows-x86_64 2.4.0.2 26.00 152.00 178.00 OK
r-patched-linux-x86_64 2.4.0.2 20.31 203.17 223.48 OK
r-release-linux-x86_64 2.4.0.2 24.83 206.80 231.63 OK
r-release-macos-arm64 2.4.0.2 89.00 OK
r-release-macos-x86_64 2.4.0.2 136.00 OK
r-release-windows-x86_64 2.4.0.2 31.00 183.00 214.00 OK
r-oldrel-macos-arm64 2.4.0.2 75.00 NOTE
r-oldrel-macos-x86_64 2.4.0.2 144.00 NOTE
r-oldrel-windows-x86_64 2.4.0.2 32.00 180.00 212.00 OK

Check Details

Version: 2.4.0.2
Check: dependencies in R code
Result: NOTE
    Namespaces in Imports field not imported from:
     ‘ActCR’ ‘ActFrag’ ‘tidyr’
     All declared Imports should be used.
Flavors: r-devel-linux-x86_64-fedora-clang, r-devel-linux-x86_64-fedora-gcc, r-oldrel-macos-arm64, r-oldrel-macos-x86_64