Last updated on 2023-02-09 10:06:17 CET.
Flavor | Version | Tinstall | Tcheck | Ttotal | Status | Flags |
---|---|---|---|---|---|---|
r-devel-linux-x86_64-debian-clang | 0.0.9 | 38.55 | 109.00 | 147.55 | NOTE | |
r-devel-linux-x86_64-debian-gcc | 0.0.9 | 31.81 | 80.78 | 112.59 | NOTE | |
r-devel-linux-x86_64-fedora-clang | 0.0.9 | 203.56 | NOTE | |||
r-devel-linux-x86_64-fedora-gcc | 0.0.9 | 205.64 | NOTE | |||
r-devel-windows-x86_64 | 0.0.9 | 72.00 | 167.00 | 239.00 | NOTE | |
r-patched-linux-x86_64 | 0.0.9 | 36.75 | 104.95 | 141.70 | OK | |
r-release-linux-x86_64 | 0.0.9 | 30.71 | 102.66 | 133.37 | OK | |
r-release-macos-arm64 | 0.0.9 | 55.00 | NOTE | |||
r-release-macos-x86_64 | 0.0.9 | 93.00 | NOTE | |||
r-release-windows-x86_64 | 0.0.9 | 87.00 | 176.00 | 263.00 | NOTE | |
r-oldrel-macos-arm64 | 0.0.9 | 58.00 | NOTE | |||
r-oldrel-macos-x86_64 | 0.0.9 | 70.00 | NOTE | |||
r-oldrel-windows-ix86+x86_64 | 0.0.9 | 92.00 | 200.00 | 292.00 | NOTE |
Version: 0.0.9
Check: C++ specification
Result: NOTE
Specified C++11: please update to current default of C++17
Flavor: r-devel-linux-x86_64-debian-clang
Version: 0.0.9
Check: C++ specification
Result: NOTE
Specified C++11: please drop specification unless essential
Flavors: r-devel-linux-x86_64-debian-gcc, r-devel-linux-x86_64-fedora-clang, r-devel-linux-x86_64-fedora-gcc, r-devel-windows-x86_64
Version: 0.0.9
Check: installed package size
Result: NOTE
installed size is 5.8Mb
sub-directories of 1Mb or more:
data 2.6Mb
doc 1.7Mb
libs 1.0Mb
Flavors: r-devel-windows-x86_64, r-release-macos-arm64, r-release-macos-x86_64, r-release-windows-x86_64, r-oldrel-macos-arm64, r-oldrel-macos-x86_64, r-oldrel-windows-ix86+x86_64