CRAN Package Check Results for Package pmxTools

Last updated on 2022-05-18 09:54:09 CEST.

Flavor Version Tinstall Tcheck Ttotal Status Flags
r-devel-linux-x86_64-debian-clang 1.2.3 15.37 127.38 142.75 OK
r-devel-linux-x86_64-debian-gcc 1.2.3 12.94 91.30 104.24 OK
r-devel-linux-x86_64-fedora-clang 1.2.3 164.54 NOTE
r-devel-linux-x86_64-fedora-gcc 1.2.3 156.58 NOTE
r-devel-windows-x86_64 1.2.3 59.00 134.00 193.00 OK
r-patched-linux-x86_64 1.2.3 15.41 118.16 133.57 OK
r-release-linux-x86_64 1.2.3 9.22 115.60 124.82 OK
r-release-macos-arm64 1.2.3 50.00 NOTE
r-release-macos-x86_64 1.2.3 77.00 NOTE
r-release-windows-x86_64 1.2.3 53.00 142.00 195.00 OK
r-oldrel-macos-arm64 1.2.3 49.00 NOTE
r-oldrel-macos-x86_64 1.2.3 65.00 NOTE
r-oldrel-windows-ix86+x86_64 1.2.3 30.00 133.00 163.00 OK

Check Details

Version: 1.2.3
Check: dependencies in R code
Result: NOTE
    Namespaces in Imports field not imported from:
     ‘ggrepel’ ‘gridExtra’
     All declared Imports should be used.
Flavors: r-devel-linux-x86_64-fedora-clang, r-devel-linux-x86_64-fedora-gcc, r-release-macos-arm64, r-release-macos-x86_64, r-oldrel-macos-arm64, r-oldrel-macos-x86_64