CRAN Package Check Results for Package pmultinom

Last updated on 2023-04-01 10:50:09 CEST.

Flavor Version Tinstall Tcheck Ttotal Status Flags
r-devel-linux-x86_64-debian-clang 1.0.0 2.28 70.21 72.49 NOTE
r-devel-linux-x86_64-debian-gcc 1.0.0 1.78 52.97 54.75 NOTE
r-devel-linux-x86_64-fedora-clang 1.0.0 88.33 NOTE
r-devel-linux-x86_64-fedora-gcc 1.0.0 96.92 NOTE
r-devel-windows-x86_64 1.0.0 19.00 0.00 19.00 NOTE
r-patched-linux-x86_64 1.0.0 2.20 67.57 69.77 NOTE
r-release-linux-x86_64 1.0.0 2.03 70.46 72.49 NOTE
r-release-macos-arm64 1.0.0 30.00 NOTE
r-release-macos-x86_64 1.0.0 41.00 NOTE
r-release-windows-x86_64 1.0.0 19.00 117.00 136.00 NOTE
r-oldrel-macos-arm64 1.0.0 31.00 NOTE
r-oldrel-macos-x86_64 1.0.0 56.00 NOTE
r-oldrel-windows-ix86+x86_64 1.0.0 5.00 96.00 101.00 NOTE

Check Details

Version: 1.0.0
Check: LazyData
Result: NOTE
     'LazyData' is specified without a 'data' directory
Flavors: r-devel-linux-x86_64-debian-clang, r-devel-linux-x86_64-debian-gcc, r-devel-linux-x86_64-fedora-clang, r-devel-linux-x86_64-fedora-gcc, r-devel-windows-x86_64, r-patched-linux-x86_64, r-release-linux-x86_64, r-release-macos-arm64, r-release-macos-x86_64, r-release-windows-x86_64, r-oldrel-macos-arm64, r-oldrel-macos-x86_64, r-oldrel-windows-ix86+x86_64