Last updated on 2024-04-19 10:57:35 CEST.
Flavor | Version | Tinstall | Tcheck | Ttotal | Status | Flags |
---|---|---|---|---|---|---|
r-devel-linux-x86_64-debian-clang | 2.6-4 | 21.35 | 236.40 | 257.75 | OK | |
r-devel-linux-x86_64-debian-gcc | 2.6-4 | OK | ||||
r-devel-linux-x86_64-fedora-clang | 2.6-4 | 337.06 | NOTE | |||
r-devel-linux-x86_64-fedora-gcc | 2.6-4 | 327.42 | OK | |||
r-prerel-macos-arm64 | 2.6-4 | 89.00 | NOTE | |||
r-prerel-macos-x86_64 | 2.6-4 | 303.00 | NOTE | |||
r-prerel-windows-x86_64 | 2.6-4 | 22.00 | 196.00 | 218.00 | NOTE | |
r-patched-linux-x86_64 | 2.6-4 | 30.26 | 220.04 | 250.30 | OK | |
r-release-linux-x86_64 | 2.6-4 | 19.30 | 223.85 | 243.15 | OK | |
r-release-macos-arm64 | 2.6-4 | 97.00 | NOTE | |||
r-release-macos-x86_64 | 2.6-4 | 257.00 | NOTE | |||
r-release-windows-x86_64 | 2.6-4 | 31.00 | 237.00 | 268.00 | NOTE | |
r-oldrel-macos-arm64 | 2.6-4 | 98.00 | NOTE | |||
r-oldrel-windows-x86_64 | 2.6-4 | 32.00 | 223.00 | 255.00 | NOTE |
Version: 2.6-4
Check: installed package size
Result: NOTE
installed size is 5.7Mb
sub-directories of 1Mb or more:
tests 3.2Mb
Flavors: r-devel-linux-x86_64-fedora-clang, r-prerel-macos-arm64, r-prerel-macos-x86_64, r-prerel-windows-x86_64, r-release-macos-arm64, r-release-macos-x86_64, r-release-windows-x86_64, r-oldrel-macos-arm64, r-oldrel-windows-x86_64