Last updated on 2024-04-26 09:52:08 CEST.
Flavor | Version | Tinstall | Tcheck | Ttotal | Status | Flags |
---|---|---|---|---|---|---|
r-devel-linux-x86_64-debian-clang | 1.0.0 | 31.69 | 329.34 | 361.03 | NOTE | |
r-devel-linux-x86_64-debian-gcc | 1.0.0 | 25.13 | 240.24 | 265.37 | NOTE | |
r-devel-linux-x86_64-fedora-clang | 1.0.0 | 452.62 | NOTE | |||
r-devel-linux-x86_64-fedora-gcc | 1.0.0 | 433.12 | NOTE | |||
r-devel-windows-x86_64 | 1.0.0 | 28.00 | 247.00 | 275.00 | NOTE | |
r-patched-linux-x86_64 | 1.0.0 | 30.85 | 310.64 | 341.49 | NOTE | |
r-release-linux-x86_64 | 1.0.0 | 29.21 | 312.71 | 341.92 | OK | |
r-release-macos-arm64 | 1.0.0 | 154.00 | NOTE | |||
r-release-macos-x86_64 | 1.0.0 | 262.00 | OK | |||
r-release-windows-x86_64 | 1.0.0 | 26.00 | 243.00 | 269.00 | NOTE | |
r-oldrel-macos-arm64 | 1.0.0 | 159.00 | OK | |||
r-oldrel-macos-x86_64 | 1.0.0 | 254.00 | OK | |||
r-oldrel-windows-x86_64 | 1.0.0 | 38.00 | 296.00 | 334.00 | OK |
Version: 1.0.0
Check: Rd files
Result: NOTE
checkRd: (-1) 01-TCGA-ESCA-data.Rd:47: Lost braces in \enumerate; meant \describe ?
checkRd: (-1) 01-TCGA-ESCA-data.Rd:48: Lost braces in \enumerate; meant \describe ?
checkRd: (-1) 01-TCGA-ESCA-data.Rd:49-51: Lost braces in \enumerate; meant \describe ?
checkRd: (-1) 01-TCGA-ESCA-data.Rd:52-55: Lost braces in \enumerate; meant \describe ?
checkRd: (-1) 01-TCGA-ESCA-data.Rd:56-58: Lost braces in \enumerate; meant \describe ?
checkRd: (-1) 01-TCGA-ESCA-data.Rd:59-62: Lost braces in \enumerate; meant \describe ?
checkRd: (-1) 01-TCGA-ESCA-data.Rd:63-64: Lost braces in \enumerate; meant \describe ?
checkRd: (-1) 02-fitCoxModel.Rd:87: Lost braces; missing escapes or markup?
87 | returns the value on which it was invoked. The {summary} method
| ^
Flavors: r-devel-linux-x86_64-debian-clang, r-devel-linux-x86_64-debian-gcc, r-devel-linux-x86_64-fedora-clang, r-devel-linux-x86_64-fedora-gcc, r-devel-windows-x86_64, r-patched-linux-x86_64, r-release-macos-arm64, r-release-windows-x86_64