CRAN Package Check Results for Package plantecowrap

Last updated on 2022-09-26 09:50:05 CEST.

Flavor Version Tinstall Tcheck Ttotal Status Flags
r-devel-linux-x86_64-debian-clang 1.0.4 7.33 186.12 193.45 NOTE
r-devel-linux-x86_64-debian-gcc 1.0.4 5.01 128.25 133.26 NOTE
r-devel-linux-x86_64-fedora-clang 1.0.4 227.67 NOTE
r-devel-linux-x86_64-fedora-gcc 1.0.4 221.93 NOTE
r-devel-windows-x86_64 1.0.4 27.00 202.00 229.00 NOTE
r-patched-linux-x86_64 1.0.4 7.56 170.63 178.19 NOTE
r-release-linux-x86_64 1.0.4 5.10 165.95 171.05 NOTE
r-release-macos-arm64 1.0.4 52.00 NOTE
r-release-macos-x86_64 1.0.4 102.00 NOTE
r-release-windows-x86_64 1.0.4 27.00 208.00 235.00 NOTE
r-oldrel-macos-arm64 1.0.4 74.00 NOTE
r-oldrel-macos-x86_64 1.0.4 107.00 NOTE
r-oldrel-windows-ix86+x86_64 1.0.4 17.00 212.00 229.00 NOTE

Check Details

Version: 1.0.4
Check: LazyData
Result: NOTE
     'LazyData' is specified without a 'data' directory
Flavors: r-devel-linux-x86_64-debian-clang, r-devel-linux-x86_64-debian-gcc, r-devel-linux-x86_64-fedora-clang, r-devel-linux-x86_64-fedora-gcc, r-devel-windows-x86_64, r-patched-linux-x86_64, r-release-linux-x86_64, r-release-macos-arm64, r-release-macos-x86_64, r-release-windows-x86_64, r-oldrel-macos-arm64, r-oldrel-macos-x86_64, r-oldrel-windows-ix86+x86_64