CRAN Package Check Results for Package pkgstats

Last updated on 2022-09-28 09:54:26 CEST.

Flavor Version Tinstall Tcheck Ttotal Status Flags
r-devel-linux-x86_64-debian-clang 0.1.1 9.97 50.26 60.23 OK
r-devel-linux-x86_64-debian-gcc 0.1.1 9.33 37.63 46.96 OK
r-devel-linux-x86_64-fedora-clang 0.1.1 93.60 OK
r-devel-linux-x86_64-fedora-gcc 0.1.1 84.63 OK
r-devel-windows-x86_64 0.1.1 37.00 109.00 146.00 NOTE
r-patched-linux-x86_64 0.1.1 11.52 47.25 58.77 OK
r-release-linux-x86_64 0.1.1 10.25 47.46 57.71 OK
r-release-macos-arm64 0.1.1 31.00 NOTE
r-release-macos-x86_64 0.1.1 44.00 NOTE
r-release-windows-x86_64 0.1.1 44.00 101.00 145.00 NOTE
r-oldrel-macos-arm64 0.1.1 25.00 NOTE
r-oldrel-macos-x86_64 0.1.1 45.00 NOTE
r-oldrel-windows-ix86+x86_64 0.1.1 35.00 103.00 138.00 NOTE

Check Details

Version: 0.1.1
Check: installed package size
Result: NOTE
     installed size is 11.1Mb
     sub-directories of 1Mb or more:
     bin 8.6Mb
     doc 1.3Mb
Flavors: r-devel-windows-x86_64, r-release-macos-arm64, r-release-macos-x86_64, r-release-windows-x86_64, r-oldrel-macos-arm64, r-oldrel-macos-x86_64, r-oldrel-windows-ix86+x86_64