CRAN Package Check Results for Package pkgcache

Last updated on 2021-02-28 09:49:49 CET.

Flavor Version Tinstall Tcheck Ttotal Status Flags
r-devel-linux-x86_64-debian-clang 1.1.1 13.84 76.07 89.91 OK
r-devel-linux-x86_64-debian-gcc 1.1.1 9.58 57.32 66.90 OK
r-devel-linux-x86_64-fedora-clang 1.1.1 114.99 OK
r-devel-linux-x86_64-fedora-gcc 1.1.1 136.50 OK
r-devel-windows-ix86+x86_64 1.1.1 18.00 84.00 102.00 OK
r-patched-linux-x86_64 1.1.1 11.30 71.12 82.42 OK
r-patched-solaris-x86 1.1.1 148.90 OK
r-release-linux-x86_64 1.1.1 10.83 71.60 82.43 OK
r-release-macos-x86_64 1.1.1 OK
r-release-windows-ix86+x86_64 1.1.1 23.00 93.00 116.00 OK
r-oldrel-macos-x86_64 1.1.1 ERROR
r-oldrel-windows-ix86+x86_64 1.1.1 14.00 99.00 113.00 OK

Check Details

Version: 1.1.1
Check: package dependencies
Result: NOTE
    Package suggested but not available for checking: ‘presser’
Flavor: r-oldrel-macos-x86_64

Version: 1.1.1
Check: tests
Result: ERROR
     Running ‘test-async.R’ [12s/12s]
    Running the tests in ‘tests/test-async.R’ failed.
    Last 13 lines of output:
     uuid 0.1-4 2020-02-26 [2] CRAN (R 3.6.0)
     vctrs 0.3.6 2020-12-17 [2] CRAN (R 3.6.2)
     waldo 0.2.4 2021-02-11 [2] CRAN (R 3.6.2)
     withr 2.4.1 2021-01-26 [2] CRAN (R 3.6.2)
     yaml 2.2.1 2020-02-01 [2] CRAN (R 3.6.0)
    
     [1] /Volumes/SSD-Data/Builds/R-dev-web/QA/Simon/packages/el-capitan-x86_64/results/3.6/pkgcache.Rcheck
     [2] /Volumes/SSD-Data/Builds/R-dev-web/QA/Simon/packages/el-capitan-x86_64/Rlib/3.6
     [3] /Volumes/SSD-Data/Builds/R-dev-web/QA/Simon/packages/el-capitan-x86_64/extralib/3.6
     [4] /Library/Frameworks/R.framework/Versions/3.6/Resources/library
    
     R ── Package was removed from disk.
     Error in loadNamespace(name) : there is no package called 'presser'
     Calls: test_dir ... loadNamespace -> withRestarts -> withOneRestart -> doWithOneRestart
     Execution halted
Flavor: r-oldrel-macos-x86_64