Last updated on 2022-07-07 10:52:07 CEST.
Flavor | Version | Tinstall | Tcheck | Ttotal | Status | Flags |
---|---|---|---|---|---|---|
r-devel-linux-x86_64-debian-clang | 1.5.3 | 45.97 | 584.56 | 630.53 | OK | |
r-devel-linux-x86_64-debian-gcc | 1.5.3 | 35.19 | 417.75 | 452.94 | NOTE | |
r-devel-linux-x86_64-fedora-clang | 1.5.3 | 723.47 | NOTE | |||
r-devel-linux-x86_64-fedora-gcc | 1.5.3 | 776.73 | NOTE | |||
r-devel-windows-x86_64 | 1.5.3 | 135.00 | 604.00 | 739.00 | NOTE | |
r-patched-linux-x86_64 | 1.5.3 | 41.02 | 534.06 | 575.08 | OK | |
r-release-linux-x86_64 | 1.5.3 | 47.50 | 542.28 | 589.78 | OK | |
r-release-macos-arm64 | 1.5.3 | 77.00 | NOTE | |||
r-release-macos-x86_64 | 1.5.3 | 278.00 | OK | |||
r-release-windows-x86_64 | 1.5.3 | 107.00 | 610.00 | 717.00 | OK | |
r-oldrel-macos-arm64 | 1.5.3 | 91.00 | NOTE | |||
r-oldrel-macos-x86_64 | 1.5.3 | 102.00 | OK | |||
r-oldrel-windows-ix86+x86_64 | 1.5.3 | 65.00 | 643.00 | 708.00 | OK |
Version: 1.5.3
Check: package subdirectories
Result: NOTE
Problems with news in ‘NEWS.md’:
Cannot extract version info from the following section titles:
Earlier versions
Flavors: r-devel-linux-x86_64-debian-gcc, r-devel-linux-x86_64-fedora-clang, r-devel-linux-x86_64-fedora-gcc, r-devel-windows-x86_64
Version: 1.5.3
Check: installed package size
Result: NOTE
installed size is 5.2Mb
sub-directories of 1Mb or more:
R 2.1Mb
data 2.0Mb
Flavors: r-release-macos-arm64, r-oldrel-macos-arm64