Last updated on 2022-06-24 09:52:52 CEST.
Flavor | Version | Tinstall | Tcheck | Ttotal | Status | Flags |
---|---|---|---|---|---|---|
r-devel-linux-x86_64-debian-clang | 1.8.2 | 13.55 | 125.60 | 139.15 | NOTE | |
r-devel-linux-x86_64-debian-gcc | 1.8.2 | 12.06 | 92.23 | 104.29 | NOTE | |
r-devel-linux-x86_64-fedora-clang | 1.8.2 | 183.43 | NOTE | |||
r-devel-linux-x86_64-fedora-gcc | 1.8.2 | 172.37 | NOTE | |||
r-devel-windows-x86_64 | 1.8.2 | 26.00 | 134.00 | 160.00 | NOTE | |
r-patched-linux-x86_64 | 1.8.2 | 13.33 | 113.90 | 127.23 | NOTE | |
r-release-linux-x86_64 | 1.8.2 | 14.97 | 113.31 | 128.28 | NOTE | |
r-release-macos-arm64 | 1.8.2 | 45.00 | NOTE | |||
r-release-macos-x86_64 | 1.8.2 | 86.00 | NOTE | |||
r-release-windows-x86_64 | 1.8.2 | 23.00 | 139.00 | 162.00 | NOTE | |
r-oldrel-macos-arm64 | 1.8.2 | 52.00 | NOTE | |||
r-oldrel-macos-x86_64 | 1.8.2 | 86.00 | NOTE | |||
r-oldrel-windows-ix86+x86_64 | 1.8.2 | 31.00 | 134.00 | 165.00 | NOTE |
Version: 1.8.2
Check: package dependencies
Result: NOTE
Package suggested but not available for checking: 'ggsubplot'
Flavors: r-devel-linux-x86_64-debian-clang, r-devel-linux-x86_64-debian-gcc, r-devel-linux-x86_64-fedora-clang, r-devel-linux-x86_64-fedora-gcc, r-devel-windows-x86_64, r-patched-linux-x86_64, r-release-linux-x86_64, r-release-macos-arm64, r-release-macos-x86_64, r-release-windows-x86_64, r-oldrel-macos-arm64, r-oldrel-macos-x86_64, r-oldrel-windows-ix86+x86_64