Last updated on 2024-04-19 10:57:35 CEST.
Flavor | Version | Tinstall | Tcheck | Ttotal | Status | Flags |
---|---|---|---|---|---|---|
r-devel-linux-x86_64-debian-clang | 0.0.10 | 2.49 | 41.47 | 43.96 | NOTE | |
r-devel-linux-x86_64-debian-gcc | 0.0.10 | NOTE | ||||
r-devel-linux-x86_64-fedora-clang | 0.0.10 | 57.37 | NOTE | |||
r-devel-linux-x86_64-fedora-gcc | 0.0.10 | 67.56 | NOTE | |||
r-prerel-macos-arm64 | 0.0.10 | 29.00 | NOTE | |||
r-prerel-windows-x86_64 | 0.0.10 | 5.00 | 71.00 | 76.00 | NOTE | |
r-patched-linux-x86_64 | 0.0.10 | 5.89 | 39.32 | 45.21 | NOTE | |
r-release-linux-x86_64 | 0.0.10 | 3.30 | 38.58 | 41.88 | OK | |
r-release-macos-arm64 | 0.0.10 | 30.00 | OK | |||
r-release-macos-x86_64 | 0.0.10 | 53.00 | OK | |||
r-release-windows-x86_64 | 0.0.10 | 5.00 | 67.00 | 72.00 | OK | |
r-oldrel-macos-arm64 | 0.0.10 | 24.00 | OK | |||
r-oldrel-windows-x86_64 | 0.0.10 | 5.00 | 75.00 | 80.00 | OK |
Version: 0.0.10
Check: Rd files
Result: NOTE
checkRd: (-1) pinp.Rd:60: Lost braces; missing escapes or markup?
60 | {current date}"}
| ^
Flavors: r-devel-linux-x86_64-debian-clang, r-devel-linux-x86_64-debian-gcc, r-devel-linux-x86_64-fedora-clang, r-devel-linux-x86_64-fedora-gcc, r-prerel-macos-arm64, r-prerel-windows-x86_64, r-patched-linux-x86_64