CRAN Package Check Results for Package phyr

Last updated on 2022-05-16 10:52:46 CEST.

Flavor Version Tinstall Tcheck Ttotal Status Flags
r-devel-linux-x86_64-debian-clang 1.1.0 160.03 183.00 343.03 NOTE
r-devel-linux-x86_64-debian-gcc 1.1.0 131.81 134.20 266.01 NOTE
r-devel-linux-x86_64-fedora-clang 1.1.0 689.59 NOTE
r-devel-linux-x86_64-fedora-gcc 1.1.0 733.98 OK
r-devel-windows-x86_64 1.1.0 138.00 214.00 352.00 NOTE
r-patched-linux-x86_64 1.1.0 154.50 171.74 326.24 NOTE
r-release-linux-x86_64 1.1.0 148.15 171.98 320.13 NOTE
r-release-macos-arm64 1.1.0 116.00 NOTE
r-release-macos-x86_64 1.1.0 183.00 NOTE
r-release-windows-x86_64 1.1.0 139.00 226.00 365.00 NOTE
r-oldrel-macos-arm64 1.1.0 140.00 NOTE
r-oldrel-macos-x86_64 1.1.0 196.00 NOTE
r-oldrel-windows-ix86+x86_64 1.1.0 370.00 241.00 611.00 NOTE

Check Details

Version: 1.1.0
Check: package dependencies
Result: NOTE
    Package suggested but not available for checking: 'INLA'
Flavors: r-devel-linux-x86_64-debian-clang, r-devel-linux-x86_64-debian-gcc, r-devel-windows-x86_64, r-patched-linux-x86_64, r-release-linux-x86_64, r-release-macos-arm64, r-release-macos-x86_64, r-release-windows-x86_64, r-oldrel-macos-arm64, r-oldrel-macos-x86_64

Version: 1.1.0
Check: installed package size
Result: NOTE
     installed size is 11.1Mb
     sub-directories of 1Mb or more:
     doc 2.0Mb
     libs 8.5Mb
Flavors: r-devel-linux-x86_64-fedora-clang, r-release-macos-arm64, r-release-macos-x86_64, r-oldrel-macos-arm64, r-oldrel-macos-x86_64, r-oldrel-windows-ix86+x86_64