CRAN Package Check Results for Package photobiology

Last updated on 2020-08-03 10:05:03 CEST.

Flavor Version Tinstall Tcheck Ttotal Status Flags
r-devel-linux-x86_64-debian-clang 0.10.4 21.00 153.37 174.37 OK
r-devel-linux-x86_64-debian-gcc 0.10.4 18.19 114.27 132.46 OK
r-devel-linux-x86_64-fedora-clang 0.10.4 209.31 NOTE
r-devel-linux-x86_64-fedora-gcc 0.10.4 200.48 OK
r-devel-windows-ix86+x86_64 0.10.4 56.00 166.00 222.00 OK
r-patched-linux-x86_64 0.10.4 22.16 151.45 173.61 OK
r-patched-solaris-x86 0.10.4 251.40 OK
r-release-linux-x86_64 0.10.4 21.02 150.01 171.03 OK
r-release-macos-x86_64 0.10.4 OK
r-release-windows-ix86+x86_64 0.10.4 55.00 176.00 231.00 OK
r-oldrel-macos-x86_64 0.10.4 OK
r-oldrel-windows-ix86+x86_64 0.10.4 36.00 157.00 193.00 OK

Check Details

Version: 0.10.4
Check: Rd cross-references
Result: NOTE
    Undeclared packages ‘fishmethods’, ‘photobiologyWavebands’ in Rd xrefs
Flavor: r-devel-linux-x86_64-fedora-clang