Last updated on 2023-01-29 11:07:43 CET.
Flavor | Version | Tinstall | Tcheck | Ttotal | Status | Flags |
---|---|---|---|---|---|---|
r-devel-linux-x86_64-debian-clang | 0.2-2.1 | 7.00 | 67.93 | 74.93 | NOTE | |
r-devel-linux-x86_64-debian-gcc | 0.2-2.1 | 5.73 | 50.88 | 56.61 | NOTE | |
r-devel-linux-x86_64-fedora-clang | 0.2-2.1 | 91.49 | NOTE | |||
r-devel-linux-x86_64-fedora-gcc | 0.2-2.1 | 87.83 | NOTE | |||
r-devel-windows-x86_64 | 0.2-2.1 | 52.00 | 114.00 | 166.00 | OK | |
r-patched-linux-x86_64 | 0.2-2.1 | 6.49 | 64.99 | 71.48 | NOTE | |
r-release-linux-x86_64 | 0.2-2.1 | 5.92 | 64.83 | 70.75 | NOTE | |
r-release-macos-arm64 | 0.2-2.1 | 27.00 | OK | |||
r-release-macos-x86_64 | 0.2-2.1 | 41.00 | OK | |||
r-release-windows-x86_64 | 0.2-2.1 | 18.00 | 108.00 | 126.00 | OK | |
r-oldrel-macos-arm64 | 0.2-2.1 | 34.00 | OK | |||
r-oldrel-macos-x86_64 | 0.2-2.1 | 61.00 | OK | |||
r-oldrel-windows-ix86+x86_64 | 0.2-2.1 | 13.00 | 64.00 | 77.00 | OK |
Version: 0.2-2.1
Check: for non-standard things in the check directory
Result: NOTE
Found the following files/directories:
‘1khz.wav’ ‘snd.wav’
Flavors: r-devel-linux-x86_64-debian-clang, r-devel-linux-x86_64-debian-gcc, r-devel-linux-x86_64-fedora-clang, r-devel-linux-x86_64-fedora-gcc, r-patched-linux-x86_64, r-release-linux-x86_64