Last updated on 2022-07-03 09:52:52 CEST.
Flavor | Version | Tinstall | Tcheck | Ttotal | Status | Flags |
---|---|---|---|---|---|---|
r-devel-linux-x86_64-debian-clang | 0.1.0 | 11.10 | 84.74 | 95.84 | OK | |
r-devel-linux-x86_64-debian-gcc | 0.1.0 | 9.17 | 62.76 | 71.93 | OK | |
r-devel-linux-x86_64-fedora-clang | 0.1.0 | 122.61 | NOTE | |||
r-devel-linux-x86_64-fedora-gcc | 0.1.0 | 123.32 | NOTE | |||
r-devel-windows-x86_64 | 0.1.0 | 36.00 | 114.00 | 150.00 | OK | |
r-patched-linux-x86_64 | 0.1.0 | 9.55 | 81.03 | 90.58 | OK | |
r-release-linux-x86_64 | 0.1.0 | 11.79 | 81.25 | 93.04 | OK | |
r-release-macos-arm64 | 0.1.0 | 39.00 | NOTE | |||
r-release-macos-x86_64 | 0.1.0 | 60.00 | NOTE | |||
r-release-windows-x86_64 | 0.1.0 | 34.00 | 117.00 | 151.00 | OK | |
r-oldrel-macos-arm64 | 0.1.0 | 40.00 | NOTE | |||
r-oldrel-macos-x86_64 | 0.1.0 | 51.00 | NOTE | |||
r-oldrel-windows-ix86+x86_64 | 0.1.0 | 27.00 | 110.00 | 137.00 | OK |
Version: 0.1.0
Check: data for non-ASCII characters
Result: NOTE
Note: found 114 marked UTF-8 strings
Flavors: r-devel-linux-x86_64-fedora-clang, r-devel-linux-x86_64-fedora-gcc, r-release-macos-arm64, r-release-macos-x86_64, r-oldrel-macos-arm64, r-oldrel-macos-x86_64