Last updated on 2024-04-18 10:49:57 CEST.
Flavor | Version | Tinstall | Tcheck | Ttotal | Status | Flags |
---|---|---|---|---|---|---|
r-devel-linux-x86_64-debian-clang | 0.1.0 | 45.79 | 39.49 | 85.28 | NOTE | |
r-devel-linux-x86_64-debian-gcc | 0.1.0 | 32.31 | 29.20 | 61.51 | NOTE | |
r-devel-linux-x86_64-fedora-clang | 0.1.0 | 110.29 | NOTE | |||
r-devel-linux-x86_64-fedora-gcc | 0.1.0 | 110.21 | NOTE | |||
r-prerel-macos-arm64 | 0.1.0 | 29.00 | NOTE | |||
r-prerel-windows-x86_64 | 0.1.0 | 32.00 | 67.00 | 99.00 | NOTE | |
r-patched-linux-x86_64 | 0.1.0 | 41.07 | 37.51 | 78.58 | NOTE | |
r-release-linux-x86_64 | 0.1.0 | 40.44 | 37.88 | 78.32 | NOTE | |
r-release-macos-arm64 | 0.1.0 | 38.00 | NOTE | |||
r-release-macos-x86_64 | 0.1.0 | 51.00 | NOTE | |||
r-release-windows-x86_64 | 0.1.0 | 42.00 | 75.00 | 117.00 | NOTE | |
r-oldrel-macos-arm64 | 0.1.0 | 33.00 | NOTE | |||
r-oldrel-windows-x86_64 | 0.1.0 | 39.00 | 78.00 | 117.00 | NOTE |
Version: 0.1.0
Check: LazyData
Result: NOTE
'LazyData' is specified without a 'data' directory
Flavors: r-devel-linux-x86_64-debian-clang, r-devel-linux-x86_64-debian-gcc, r-devel-linux-x86_64-fedora-clang, r-devel-linux-x86_64-fedora-gcc, r-prerel-macos-arm64, r-prerel-windows-x86_64, r-patched-linux-x86_64, r-release-linux-x86_64, r-release-macos-arm64, r-release-macos-x86_64, r-release-windows-x86_64, r-oldrel-macos-arm64, r-oldrel-windows-x86_64
Version: 0.1.0
Check: compiled code
Result: NOTE
File ‘pgee.mixed/libs/pgee.mixed.so’:
Found no calls to: ‘R_registerRoutines’, ‘R_useDynamicSymbols’
It is good practice to register native routines and to disable symbol
search.
See ‘Writing portable packages’ in the ‘Writing R Extensions’ manual.
Flavors: r-devel-linux-x86_64-fedora-clang, r-devel-linux-x86_64-fedora-gcc