CRAN Package Check Results for Package pesel

Last updated on 2023-09-26 11:10:08 CEST.

Flavor Version Tinstall Tcheck Ttotal Status Flags
r-devel-linux-x86_64-debian-clang 0.7.3 2.42 21.19 23.61 NOTE
r-devel-linux-x86_64-debian-gcc 0.7.3 1.78 16.56 18.34 NOTE
r-devel-linux-x86_64-fedora-clang 0.7.3 28.91 NOTE
r-devel-linux-x86_64-fedora-gcc 0.7.3 28.13 NOTE
r-devel-windows-x86_64 0.7.3 3.00 39.00 42.00 NOTE
r-patched-linux-x86_64 0.7.3 2.13 20.95 23.08 NOTE
r-release-linux-x86_64 0.7.3 2.03 20.73 22.76 NOTE
r-release-macos-arm64 0.7.3 15.00 NOTE
r-release-macos-x86_64 0.7.3 19.00 NOTE
r-release-windows-x86_64 0.7.3 4.00 44.00 48.00 NOTE
r-oldrel-macos-arm64 0.7.3 15.00 NOTE
r-oldrel-macos-x86_64 0.7.3 21.00 NOTE
r-oldrel-windows-x86_64 0.7.3 6.00 45.00 51.00 NOTE

Check Details

Version: 0.7.3
Check: LazyData
Result: NOTE
     'LazyData' is specified without a 'data' directory
Flavors: r-devel-linux-x86_64-debian-clang, r-devel-linux-x86_64-debian-gcc, r-devel-linux-x86_64-fedora-clang, r-devel-linux-x86_64-fedora-gcc, r-devel-windows-x86_64, r-patched-linux-x86_64, r-release-linux-x86_64, r-release-macos-arm64, r-release-macos-x86_64, r-release-windows-x86_64, r-oldrel-macos-arm64, r-oldrel-macos-x86_64, r-oldrel-windows-x86_64