Last updated on 2023-01-28 10:51:36 CET.
Flavor | Version | Tinstall | Tcheck | Ttotal | Status | Flags |
---|---|---|---|---|---|---|
r-devel-linux-x86_64-debian-clang | 1.3.2 | 11.33 | 139.16 | 150.49 | OK | |
r-devel-linux-x86_64-debian-gcc | 1.3.2 | 10.61 | 101.98 | 112.59 | OK | |
r-devel-linux-x86_64-fedora-clang | 1.3.2 | 196.97 | OK | |||
r-devel-linux-x86_64-fedora-gcc | 1.3.2 | 205.98 | OK | |||
r-patched-linux-x86_64 | 1.3.2 | 19.31 | 131.94 | 151.25 | OK | |
r-release-linux-x86_64 | 1.3.2 | 15.39 | 139.85 | 155.24 | OK | |
r-release-macos-arm64 | 1.3.2 | 97.00 | NOTE | |||
r-release-macos-x86_64 | 1.3.2 | 126.00 | NOTE | |||
r-release-windows-x86_64 | 1.3.2 | 36.00 | 284.00 | 320.00 | OK | |
r-oldrel-macos-arm64 | 1.3.2 | 88.00 | NOTE | |||
r-oldrel-macos-x86_64 | 1.3.2 | 125.00 | NOTE | |||
r-oldrel-windows-ix86+x86_64 | 1.3.2 | 34.00 | 252.00 | 286.00 | OK |
Version: 1.3.2
Check: package dependencies
Result: NOTE
Package suggested but not available for checking: ‘ptmixed’
Flavors: r-release-macos-arm64, r-release-macos-x86_64, r-oldrel-macos-arm64, r-oldrel-macos-x86_64