CRAN Package Check Results for Package penalized

Last updated on 2022-01-22 09:54:12 CET.

Flavor Version Tinstall Tcheck Ttotal Status Flags
r-devel-linux-x86_64-debian-clang 0.9-51 86.79 128.38 215.17 OK
r-devel-linux-x86_64-debian-gcc 0.9-51 67.96 97.18 165.14 OK
r-devel-linux-x86_64-fedora-clang 0.9-51 291.46 NOTE
r-devel-linux-x86_64-fedora-gcc 0.9-51 267.19 OK
r-devel-windows-x86_64-new-UL 0.9-51 127.00 176.00 303.00 OK
r-devel-windows-x86_64-new-TK 0.9-51 OK
r-patched-linux-x86_64 0.9-51 76.42 124.52 200.94 OK
r-release-linux-x86_64 0.9-51 72.92 126.32 199.24 OK
r-release-macos-arm64 0.9-51 NOTE
r-release-macos-x86_64 0.9-51 NOTE
r-release-windows-ix86+x86_64 0.9-51 201.00 185.00 386.00 OK
r-oldrel-macos-x86_64 0.9-51 NOTE
r-oldrel-windows-ix86+x86_64 0.9-51 204.00 189.00 393.00 OK

Check Details

Version: 0.9-51
Check: installed package size
Result: NOTE
     installed size is 5.3Mb
     sub-directories of 1Mb or more:
     libs 4.4Mb
Flavors: r-devel-linux-x86_64-fedora-clang, r-release-macos-arm64, r-release-macos-x86_64, r-oldrel-macos-x86_64

Version: 0.9-51
Check: package dependencies
Result: NOTE
    Package suggested but not available for checking: ‘globaltest’
Flavor: r-release-macos-arm64