Last updated on 2024-04-23 10:54:12 CEST.
Flavor | Version | Tinstall | Tcheck | Ttotal | Status | Flags |
---|---|---|---|---|---|---|
r-devel-linux-x86_64-debian-clang | 1.3 | 12.37 | 112.88 | 125.25 | OK | |
r-devel-linux-x86_64-debian-gcc | 1.3 | 10.65 | 82.17 | 92.82 | OK | |
r-devel-linux-x86_64-fedora-clang | 1.3 | 164.82 | OK | |||
r-devel-linux-x86_64-fedora-gcc | 1.3 | 172.39 | OK | |||
r-prerel-macos-arm64 | 1.3 | 50.00 | OK | |||
r-prerel-windows-x86_64 | 1.3 | 14.00 | 145.00 | 159.00 | OK | |
r-patched-linux-x86_64 | 1.3 | 16.45 | 109.39 | 125.84 | OK | |
r-release-linux-x86_64 | 1.3 | 10.02 | 106.98 | 117.00 | OK | |
r-release-macos-arm64 | 1.3 | 72.00 | NOTE | |||
r-release-macos-x86_64 | 1.3 | 152.00 | OK | |||
r-release-windows-x86_64 | 1.3 | 18.00 | 159.00 | 177.00 | OK | |
r-oldrel-macos-arm64 | 1.3 | 57.00 | OK | |||
r-oldrel-windows-x86_64 | 1.3 | 17.00 | 162.00 | 179.00 | OK |
Version: 1.3
Check: package dependencies
Result: NOTE
Package suggested but not available for checking: ‘snpStats’
Flavor: r-release-macos-arm64