Last updated on 2023-02-07 10:54:05 CET.
Flavor | Version | Tinstall | Tcheck | Ttotal | Status | Flags |
---|---|---|---|---|---|---|
r-devel-linux-x86_64-debian-clang | 0.2.4 | 175.05 | 97.06 | 272.11 | OK | |
r-devel-linux-x86_64-debian-gcc | 0.2.4 | 150.47 | 73.58 | 224.05 | OK | |
r-devel-linux-x86_64-fedora-clang | 0.2.4 | 383.99 | NOTE | |||
r-devel-linux-x86_64-fedora-gcc | 0.2.4 | 382.99 | OK | |||
r-devel-windows-x86_64 | 0.2.4 | 208.00 | 187.00 | 395.00 | NOTE | |
r-patched-linux-x86_64 | 0.2.4 | 133.86 | 98.78 | 232.64 | OK | |
r-release-linux-x86_64 | 0.2.4 | 129.56 | 97.91 | 227.47 | OK | |
r-release-macos-arm64 | 0.2.4 | 99.00 | NOTE | |||
r-release-macos-x86_64 | 0.2.4 | 117.00 | NOTE | |||
r-release-windows-x86_64 | 0.2.4 | 177.00 | 189.00 | 366.00 | NOTE | |
r-oldrel-macos-arm64 | 0.2.4 | 100.00 | NOTE | |||
r-oldrel-macos-x86_64 | 0.2.4 | 121.00 | NOTE | |||
r-oldrel-windows-ix86+x86_64 | 0.2.4 | 405.00 | 271.00 | 676.00 | NOTE |
Version: 0.2.4
Check: installed package size
Result: NOTE
installed size is 6.0Mb
sub-directories of 1Mb or more:
doc 4.0Mb
libs 1.8Mb
Flavors: r-devel-linux-x86_64-fedora-clang, r-devel-windows-x86_64, r-release-macos-arm64, r-release-macos-x86_64, r-release-windows-x86_64, r-oldrel-macos-arm64, r-oldrel-macos-x86_64, r-oldrel-windows-ix86+x86_64