Last updated on 2023-02-09 10:06:17 CET.
Flavor | Version | Tinstall | Tcheck | Ttotal | Status | Flags |
---|---|---|---|---|---|---|
r-devel-linux-x86_64-debian-clang | 0.4.0 | 3.25 | 90.82 | 94.07 | NOTE | |
r-devel-linux-x86_64-debian-gcc | 0.4.0 | 2.54 | 64.83 | 67.37 | NOTE | |
r-devel-linux-x86_64-fedora-clang | 0.4.0 | 110.78 | NOTE | |||
r-devel-linux-x86_64-fedora-gcc | 0.4.0 | 117.19 | NOTE | |||
r-devel-windows-x86_64 | 0.4.0 | 11.00 | 113.00 | 124.00 | NOTE | |
r-patched-linux-x86_64 | 0.4.0 | 2.97 | 83.98 | 86.95 | NOTE | |
r-release-linux-x86_64 | 0.4.0 | 2.00 | 82.01 | 84.01 | NOTE | |
r-release-macos-arm64 | 0.4.0 | 49.00 | NOTE | |||
r-release-macos-x86_64 | 0.4.0 | 80.00 | NOTE | |||
r-release-windows-x86_64 | 0.4.0 | 12.00 | 123.00 | 135.00 | NOTE | |
r-oldrel-macos-arm64 | 0.4.0 | 93.00 | NOTE | |||
r-oldrel-macos-x86_64 | 0.4.0 | 61.00 | NOTE | |||
r-oldrel-windows-ix86+x86_64 | 0.4.0 | 8.00 | 218.00 | 226.00 | NOTE |
Version: 0.4.0
Check: LazyData
Result: NOTE
'LazyData' is specified without a 'data' directory
Flavors: r-devel-linux-x86_64-debian-clang, r-devel-linux-x86_64-debian-gcc, r-devel-linux-x86_64-fedora-clang, r-devel-linux-x86_64-fedora-gcc, r-devel-windows-x86_64, r-patched-linux-x86_64, r-release-linux-x86_64, r-release-macos-arm64, r-release-macos-x86_64, r-release-windows-x86_64, r-oldrel-macos-arm64, r-oldrel-macos-x86_64, r-oldrel-windows-ix86+x86_64