Last updated on 2024-04-23 10:54:12 CEST.
Flavor | Version | Tinstall | Tcheck | Ttotal | Status | Flags |
---|---|---|---|---|---|---|
r-devel-linux-x86_64-debian-clang | 3.4.0 | 23.53 | 36.81 | 60.34 | OK | |
r-devel-linux-x86_64-debian-gcc | 3.4.0 | 21.28 | 28.11 | 49.39 | OK | |
r-devel-linux-x86_64-fedora-clang | 3.4.0 | 91.29 | NOTE | |||
r-devel-linux-x86_64-fedora-gcc | 3.4.0 | 86.35 | OK | |||
r-prerel-macos-arm64 | 3.4.0 | 33.00 | NOTE | |||
r-prerel-windows-x86_64 | 3.4.0 | 34.00 | 106.00 | 140.00 | NOTE | |
r-patched-linux-x86_64 | 3.4.0 | 26.77 | 35.22 | 61.99 | OK | |
r-release-linux-x86_64 | 3.4.0 | 29.39 | 34.96 | 64.35 | OK | |
r-release-macos-arm64 | 3.4.0 | 126.00 | NOTE | |||
r-release-macos-x86_64 | 3.4.0 | 130.00 | NOTE | |||
r-release-windows-x86_64 | 3.4.0 | 44.00 | 133.00 | 177.00 | NOTE | |
r-oldrel-macos-arm64 | 3.4.0 | 34.00 | NOTE | |||
r-oldrel-windows-x86_64 | 3.4.0 | 46.00 | 108.00 | 154.00 | NOTE |
Version: 3.4.0
Check: package dependencies
Result: NOTE
Package suggested but not available for checking: ‘tesseract’
Flavor: r-devel-linux-x86_64-fedora-clang
Version: 3.4.0
Check: installed package size
Result: NOTE
installed size is 21.1Mb
sub-directories of 1Mb or more:
libs 8.2Mb
share 12.8Mb
Flavors: r-prerel-macos-arm64, r-prerel-windows-x86_64, r-release-macos-arm64, r-release-macos-x86_64, r-release-windows-x86_64, r-oldrel-macos-arm64, r-oldrel-windows-x86_64