Last updated on 2024-04-26 09:52:08 CEST.
Flavor | Version | Tinstall | Tcheck | Ttotal | Status | Flags |
---|---|---|---|---|---|---|
r-devel-linux-x86_64-debian-clang | 1.0-4 | 10.36 | 60.68 | 71.04 | OK | |
r-devel-linux-x86_64-debian-gcc | 1.0-4 | 7.23 | 44.10 | 51.33 | OK | |
r-devel-linux-x86_64-fedora-clang | 1.0-4 | 85.41 | NOTE | |||
r-devel-linux-x86_64-fedora-gcc | 1.0-4 | 82.44 | OK | |||
r-devel-windows-x86_64 | 1.0-4 | 10.00 | 70.00 | 80.00 | OK | |
r-patched-linux-x86_64 | 1.0-4 | 10.58 | 57.29 | 67.87 | OK | |
r-release-linux-x86_64 | 1.0-4 | 7.40 | 58.48 | 65.88 | OK | |
r-release-macos-arm64 | 1.0-4 | 28.00 | OK | |||
r-release-windows-x86_64 | 1.0-4 | 11.00 | 70.00 | 81.00 | OK | |
r-oldrel-macos-arm64 | 1.0-4 | 29.00 | OK | |||
r-oldrel-macos-x86_64 | 1.0-4 | 47.00 | OK | |||
r-oldrel-windows-x86_64 | 1.0-4 | 13.00 | 79.00 | 92.00 | OK |
Version: 1.0-4
Check: Rd cross-references
Result: NOTE
Undeclared packages ‘sm’, ‘spdep’ in Rd xrefs
Flavor: r-devel-linux-x86_64-fedora-clang