Last updated on 2023-03-28 10:51:43 CEST.
Flavor | Version | Tinstall | Tcheck | Ttotal | Status | Flags |
---|---|---|---|---|---|---|
r-devel-linux-x86_64-debian-clang | 1.2.4 | 108.54 | 97.38 | 205.92 | NOTE | |
r-devel-linux-x86_64-debian-gcc | 1.2.4 | 88.12 | 72.40 | 160.52 | NOTE | |
r-devel-linux-x86_64-fedora-clang | 1.2.4 | 281.86 | NOTE | |||
r-devel-linux-x86_64-fedora-gcc | 1.2.4 | 267.32 | NOTE | |||
r-patched-linux-x86_64 | 1.2.4 | 88.74 | 92.19 | 180.93 | NOTE | |
r-release-linux-x86_64 | 1.2.4 | 89.51 | 90.55 | 180.06 | NOTE | |
r-release-macos-arm64 | 1.2.4 | 73.00 | NOTE | |||
r-release-macos-x86_64 | 1.2.4 | 92.00 | NOTE | |||
r-release-windows-x86_64 | 1.2.4 | 113.00 | 147.00 | 260.00 | NOTE | |
r-oldrel-macos-arm64 | 1.2.4 | 85.00 | NOTE | |||
r-oldrel-macos-x86_64 | 1.2.4 | 112.00 | NOTE | |||
r-oldrel-windows-ix86+x86_64 | 1.2.4 | 242.00 | 162.00 | 404.00 | NOTE |
Version: 1.2.4
Check: C++ specification
Result: NOTE
Specified C++11: please drop specification unless essential
Flavors: r-devel-linux-x86_64-debian-clang, r-devel-linux-x86_64-debian-gcc, r-devel-linux-x86_64-fedora-clang, r-devel-linux-x86_64-fedora-gcc, r-patched-linux-x86_64
Version: 1.2.4
Check: LazyData
Result: NOTE
'LazyData' is specified without a 'data' directory
Flavors: r-devel-linux-x86_64-debian-clang, r-devel-linux-x86_64-debian-gcc, r-devel-linux-x86_64-fedora-clang, r-devel-linux-x86_64-fedora-gcc, r-patched-linux-x86_64, r-release-linux-x86_64, r-release-macos-arm64, r-release-macos-x86_64, r-release-windows-x86_64, r-oldrel-macos-arm64, r-oldrel-macos-x86_64, r-oldrel-windows-ix86+x86_64
Version: 1.2.4
Check: installed package size
Result: NOTE
installed size is 7.3Mb
sub-directories of 1Mb or more:
libs 6.3Mb
Flavors: r-release-macos-arm64, r-release-macos-x86_64, r-oldrel-macos-arm64, r-oldrel-macos-x86_64