Last updated on 2024-04-23 10:54:11 CEST.
Flavor | Version | Tinstall | Tcheck | Ttotal | Status | Flags |
---|---|---|---|---|---|---|
r-devel-linux-x86_64-debian-clang | 0.1.8 | 61.16 | 356.50 | 417.66 | OK | |
r-devel-linux-x86_64-debian-gcc | 0.1.8 | 40.97 | 254.45 | 295.42 | OK | |
r-devel-linux-x86_64-fedora-clang | 0.1.8 | 552.35 | OK | |||
r-devel-linux-x86_64-fedora-gcc | 0.1.8 | 556.10 | OK | |||
r-prerel-macos-arm64 | 0.1.8 | 199.00 | NOTE | |||
r-prerel-windows-x86_64 | 0.1.8 | 30.00 | 286.00 | 316.00 | OK | |
r-patched-linux-x86_64 | 0.1.8 | 67.85 | 344.33 | 412.18 | OK | |
r-release-linux-x86_64 | 0.1.8 | 27.06 | 312.54 | 339.60 | OK | |
r-release-macos-arm64 | 0.1.8 | 135.00 | OK | |||
r-release-macos-x86_64 | 0.1.8 | 269.00 | NOTE | |||
r-release-windows-x86_64 | 0.1.8 | 45.00 | 348.00 | 393.00 | OK | |
r-oldrel-macos-arm64 | 0.1.8 | 275.00 | NOTE | |||
r-oldrel-windows-x86_64 | 0.1.8 | 43.00 | 256.00 | 299.00 | OK |
Version: 0.1.8
Check: installed package size
Result: NOTE
installed size is 5.4Mb
sub-directories of 1Mb or more:
R 2.0Mb
doc 1.7Mb
help 1.4Mb
Flavors: r-prerel-macos-arm64, r-release-macos-x86_64, r-oldrel-macos-arm64