CRAN Package Check Results for Package pccc

Last updated on 2023-02-03 09:55:40 CET.

Flavor Version Tinstall Tcheck Ttotal Status Flags
r-devel-linux-x86_64-debian-clang 1.0.5 53.31 67.79 121.10 NOTE
r-devel-linux-x86_64-debian-gcc 1.0.5 47.84 52.16 100.00 NOTE
r-devel-linux-x86_64-fedora-clang 1.0.5 166.34 NOTE
r-devel-linux-x86_64-fedora-gcc 1.0.5 191.24 NOTE
r-devel-windows-x86_64 1.0.5 52.00 118.00 170.00 NOTE
r-patched-linux-x86_64 1.0.5 44.33 67.36 111.69 OK
r-release-linux-x86_64 1.0.5 41.35 61.79 103.14 OK
r-release-macos-arm64 1.0.5 53.00 OK
r-release-macos-x86_64 1.0.5 95.00 NOTE
r-release-windows-x86_64 1.0.5 50.00 127.00 177.00 OK
r-oldrel-macos-arm64 1.0.5 57.00 NOTE
r-oldrel-macos-x86_64 1.0.5 95.00 NOTE
r-oldrel-windows-ix86+x86_64 1.0.5 109.00 128.00 237.00 OK

Check Details

Version: 1.0.5
Check: C++ specification
Result: NOTE
     Specified C++11: please update to current default of C++17
Flavors: r-devel-linux-x86_64-debian-clang, r-devel-linux-x86_64-debian-gcc, r-devel-linux-x86_64-fedora-clang, r-devel-linux-x86_64-fedora-gcc, r-devel-windows-x86_64

Version: 1.0.5
Check: installed package size
Result: NOTE
     installed size is 6.1Mb
     sub-directories of 1Mb or more:
     libs 4.3Mb
Flavors: r-release-macos-x86_64, r-oldrel-macos-arm64, r-oldrel-macos-x86_64