CRAN Package Check Results for Package pcFactorStan

Last updated on 2020-08-14 10:03:44 CEST.

Flavor Version Tinstall Tcheck Ttotal Status Flags
r-devel-linux-x86_64-debian-clang 1.5.1 1036.67 223.50 1260.17 NOTE
r-devel-linux-x86_64-debian-gcc 1.5.1 956.01 213.28 1169.29 NOTE
r-devel-linux-x86_64-fedora-clang 1.5.1 1842.22 NOTE
r-devel-linux-x86_64-fedora-gcc 1.5.1 1975.22 NOTE
r-devel-windows-ix86+x86_64 1.5.1 2466.00 653.00 3119.00 NOTE
r-patched-linux-x86_64 1.5.1 789.69 270.59 1060.28 NOTE
r-patched-solaris-x86 1.5.1 1678.30 NOTE
r-release-linux-x86_64 1.5.1 1071.67 273.03 1344.70 NOTE
r-release-macos-x86_64 1.5.1 FAIL
r-release-windows-ix86+x86_64 1.5.1 2434.00 474.00 2908.00 NOTE
r-oldrel-macos-x86_64 1.5.1 NOTE
r-oldrel-windows-ix86+x86_64 1.5.1 1709.00 454.00 2163.00 NOTE

Check Details

Version: 1.5.1
Check: for GNU extensions in Makefiles
Result: NOTE
    GNU make is a SystemRequirements.
Flavors: r-devel-linux-x86_64-debian-clang, r-devel-linux-x86_64-debian-gcc, r-devel-linux-x86_64-fedora-clang, r-devel-linux-x86_64-fedora-gcc, r-devel-windows-ix86+x86_64, r-patched-linux-x86_64, r-patched-solaris-x86, r-release-linux-x86_64, r-release-windows-ix86+x86_64, r-oldrel-macos-x86_64, r-oldrel-windows-ix86+x86_64

Version: 1.5.1
Check: installed package size
Result: NOTE
     installed size is 172.8Mb
     sub-directories of 1Mb or more:
     doc 2.9Mb
     libs 169.3Mb
Flavors: r-devel-linux-x86_64-fedora-clang, r-devel-windows-ix86+x86_64, r-patched-solaris-x86, r-release-macos-x86_64, r-release-windows-ix86+x86_64, r-oldrel-macos-x86_64, r-oldrel-windows-ix86+x86_64

Version: 1.5.1
Check: foreign function calls
Result: FAIL
Flavor: r-release-macos-x86_64