Last updated on 2022-06-25 09:53:50 CEST.
Flavor | Version | Tinstall | Tcheck | Ttotal | Status | Flags |
---|---|---|---|---|---|---|
r-devel-linux-x86_64-debian-clang | 1.3.5 | 3.27 | 35.03 | 38.30 | OK | |
r-devel-linux-x86_64-debian-gcc | 1.3.5 | 2.49 | 26.87 | 29.36 | OK | |
r-devel-linux-x86_64-fedora-clang | 1.3.5 | 55.88 | OK | |||
r-devel-linux-x86_64-fedora-gcc | 1.3.5 | 54.27 | OK | |||
r-devel-windows-x86_64 | 1.3.5 | 18.00 | 66.00 | 84.00 | OK | |
r-patched-linux-x86_64 | 1.3.5 | 3.36 | 33.16 | 36.52 | OK | |
r-release-linux-x86_64 | 1.3.5 | 2.63 | 33.91 | 36.54 | OK | |
r-release-macos-arm64 | 1.3.5 | 51.00 | OK | |||
r-release-macos-x86_64 | 1.3.5 | 29.00 | OK | |||
r-release-windows-x86_64 | 1.3.5 | 20.00 | 65.00 | 85.00 | OK | |
r-oldrel-macos-arm64 | 1.3.5 | 8.00 | ERROR | |||
r-oldrel-macos-x86_64 | 1.3.5 | 27.00 | OK | |||
r-oldrel-windows-ix86+x86_64 | 1.3.5 | 8.00 | 52.00 | 60.00 | OK |
Version: 1.3.5
Check: package dependencies
Result: ERROR
Package required and available but unsuitable version: ‘utils’
See section ‘The DESCRIPTION file’ in the ‘Writing R Extensions’
manual.
Flavor: r-oldrel-macos-arm64