Last updated on 2024-05-11 10:48:42 CEST.
Flavor | Version | Tinstall | Tcheck | Ttotal | Status | Flags |
---|---|---|---|---|---|---|
r-devel-linux-x86_64-debian-clang | 2.1.0 | 26.44 | 32.95 | 59.39 | OK | |
r-devel-linux-x86_64-debian-gcc | 2.1.0 | 23.83 | 26.57 | 50.40 | OK | |
r-devel-linux-x86_64-fedora-clang | 2.1.0 | 84.00 | NOTE | |||
r-devel-linux-x86_64-fedora-gcc | 2.1.0 | 82.50 | NOTE | |||
r-devel-windows-x86_64 | 2.1.0 | 29.00 | 49.00 | 78.00 | NOTE | |
r-patched-linux-x86_64 | 2.1.0 | 26.05 | 33.26 | 59.31 | OK | |
r-release-linux-x86_64 | 2.1.0 | 24.87 | 32.13 | 57.00 | OK | |
r-release-macos-arm64 | 2.1.0 | 39.00 | NOTE | |||
r-release-macos-x86_64 | 2.1.0 | 86.00 | NOTE | |||
r-release-windows-x86_64 | 2.1.0 | 29.00 | 49.00 | 78.00 | NOTE | |
r-oldrel-macos-arm64 | 2.1.0 | 43.00 | NOTE | |||
r-oldrel-macos-x86_64 | 2.1.0 | 77.00 | NOTE | |||
r-oldrel-windows-x86_64 | 2.1.0 | 30.00 | 50.00 | 80.00 | NOTE |
Version: 2.1.0
Check: installed package size
Result: NOTE
installed size is 5.1Mb
sub-directories of 1Mb or more:
R 3.5Mb
data 1.5Mb
Flavors: r-devel-linux-x86_64-fedora-clang, r-devel-windows-x86_64, r-release-macos-arm64, r-release-macos-x86_64, r-release-windows-x86_64, r-oldrel-macos-arm64, r-oldrel-macos-x86_64, r-oldrel-windows-x86_64
Version: 2.1.0
Check: Rd cross-references
Result: NOTE
Undeclared package ‘pathfindR’ in Rd xrefs
Flavor: r-devel-linux-x86_64-fedora-clang
Version: 2.1.0
Check: data for non-ASCII characters
Result: NOTE
Note: found 180 marked UTF-8 strings
Flavors: r-devel-linux-x86_64-fedora-clang, r-devel-linux-x86_64-fedora-gcc