CRAN Package Check Results for Package partykit

Last updated on 2021-12-01 09:54:36 CET.

Flavor Version Tinstall Tcheck Ttotal Status Flags
r-devel-linux-x86_64-debian-clang 1.2-15 18.11 340.44 358.55 OK
r-devel-linux-x86_64-debian-gcc 1.2-15 13.41 272.45 285.86 OK
r-devel-linux-x86_64-fedora-clang 1.2-15 442.33 OK
r-devel-linux-x86_64-fedora-gcc 1.2-15 431.25 OK
r-devel-windows-x86_64-new-UL 1.2-15 37.00 510.00 547.00 OK
r-devel-windows-x86_64-new-TK 1.2-15 OK
r-devel-windows-x86_64-old 1.2-15 25.00 307.00 332.00 OK
r-patched-linux-x86_64 1.2-15 16.07 336.86 352.93 OK
r-patched-solaris-x86 1.2-15 605.10 NOTE
r-release-linux-x86_64 1.2-15 16.12 339.12 355.24 OK
r-release-macos-arm64 1.2-15 OK
r-release-macos-x86_64 1.2-15 OK
r-release-windows-ix86+x86_64 1.2-15 33.00 420.00 453.00 OK
r-oldrel-macos-x86_64 1.2-15 OK
r-oldrel-windows-ix86+x86_64 1.2-15 21.00 405.00 426.00 OK

Check Details

Version: 1.2-15
Check: package dependencies
Result: NOTE
    Package suggested but not available for checking: ‘RWeka’
Flavor: r-patched-solaris-x86