CRAN Package Check Results for Package partition

Last updated on 2020-08-07 10:07:38 CEST.

Flavor Version Tinstall Tcheck Ttotal Status Flags
r-devel-linux-x86_64-debian-clang 0.1.2 107.98 313.13 421.11 OK
r-devel-linux-x86_64-debian-gcc 0.1.2 84.09 223.12 307.21 OK
r-devel-linux-x86_64-fedora-clang 0.1.2 520.23 NOTE
r-devel-linux-x86_64-fedora-gcc 0.1.2 503.38 OK
r-devel-windows-ix86+x86_64 0.1.2 275.00 518.00 793.00 OK
r-patched-linux-x86_64 0.1.2 85.25 298.58 383.83 OK
r-patched-solaris-x86 0.1.2 659.70 OK
r-release-linux-x86_64 0.1.2 93.55 300.73 394.28 OK
r-release-macos-x86_64 0.1.2 NOTE
r-release-windows-ix86+x86_64 0.1.2 274.00 384.00 658.00 OK
r-oldrel-macos-x86_64 0.1.2 NOTE
r-oldrel-windows-ix86+x86_64 0.1.2 197.00 397.00 594.00 OK

Check Details

Version: 0.1.2
Check: installed package size
Result: NOTE
     installed size is 7.2Mb
     sub-directories of 1Mb or more:
     doc 1.2Mb
     libs 4.8Mb
Flavors: r-devel-linux-x86_64-fedora-clang, r-release-macos-x86_64, r-oldrel-macos-x86_64