Last updated on 2024-04-17 08:57:39 CEST.
Flavor | Version | Tinstall | Tcheck | Ttotal | Status | Flags |
---|---|---|---|---|---|---|
r-devel-linux-x86_64-debian-clang | 0.1.7 | 91.81 | 86.70 | 178.51 | NOTE | |
r-devel-linux-x86_64-debian-gcc | 0.1.7 | 77.00 | 63.27 | 140.27 | NOTE | |
r-devel-linux-x86_64-fedora-clang | 0.1.7 | 252.91 | NOTE | |||
r-devel-linux-x86_64-fedora-gcc | 0.1.7 | 265.85 | NOTE | |||
r-prerel-macos-arm64 | 0.1.7 | 60.00 | NOTE | |||
r-prerel-windows-x86_64 | 0.1.7 | 74.00 | 96.00 | 170.00 | NOTE | |
r-patched-linux-x86_64 | 0.1.7 | 100.95 | 81.01 | 181.96 | NOTE | |
r-release-linux-x86_64 | 0.1.7 | 92.55 | 82.97 | 175.52 | NOTE | |
r-release-macos-arm64 | 0.1.7 | 73.00 | NOTE | |||
r-release-macos-x86_64 | 0.1.7 | 121.00 | NOTE | |||
r-release-windows-x86_64 | 0.1.7 | 96.00 | 120.00 | 216.00 | NOTE | |
r-oldrel-macos-arm64 | 0.1.7 | 65.00 | OK | |||
r-oldrel-windows-x86_64 | 0.1.7 | 94.00 | 114.00 | 208.00 | OK |
Version: 0.1.7
Check: C++ specification
Result: NOTE
Specified C++11: please drop specification unless essential
Flavors: r-devel-linux-x86_64-debian-clang, r-devel-linux-x86_64-debian-gcc, r-devel-linux-x86_64-fedora-clang, r-devel-linux-x86_64-fedora-gcc, r-prerel-macos-arm64, r-prerel-windows-x86_64, r-patched-linux-x86_64, r-release-linux-x86_64, r-release-macos-arm64, r-release-macos-x86_64, r-release-windows-x86_64