Last updated on 2023-02-05 09:57:25 CET.
Flavor | Version | Tinstall | Tcheck | Ttotal | Status | Flags |
---|---|---|---|---|---|---|
r-devel-linux-x86_64-debian-clang | 0.1.4 | 2.75 | 41.55 | 44.30 | NOTE | |
r-devel-linux-x86_64-debian-gcc | 0.1.4 | 2.18 | 30.77 | 32.95 | NOTE | |
r-devel-linux-x86_64-fedora-clang | 0.1.4 | 54.84 | NOTE | |||
r-devel-linux-x86_64-fedora-gcc | 0.1.4 | 53.51 | NOTE | |||
r-devel-windows-x86_64 | 0.1.4 | 6.00 | 68.00 | 74.00 | NOTE | |
r-patched-linux-x86_64 | 0.1.4 | 2.44 | 39.92 | 42.36 | NOTE | |
r-release-linux-x86_64 | 0.1.4 | 1.89 | 41.77 | 43.66 | NOTE | |
r-release-macos-arm64 | 0.1.4 | 18.00 | NOTE | |||
r-release-macos-x86_64 | 0.1.4 | 28.00 | NOTE | |||
r-release-windows-x86_64 | 0.1.4 | 38.00 | 73.00 | 111.00 | NOTE | |
r-oldrel-macos-arm64 | 0.1.4 | 25.00 | NOTE | |||
r-oldrel-macos-x86_64 | 0.1.4 | 33.00 | NOTE | |||
r-oldrel-windows-ix86+x86_64 | 0.1.4 | 6.00 | 75.00 | 81.00 | NOTE |
Version: 0.1.4
Check: LazyData
Result: NOTE
'LazyData' is specified without a 'data' directory
Flavors: r-devel-linux-x86_64-debian-clang, r-devel-linux-x86_64-debian-gcc, r-devel-linux-x86_64-fedora-clang, r-devel-linux-x86_64-fedora-gcc, r-devel-windows-x86_64, r-patched-linux-x86_64, r-release-linux-x86_64, r-release-macos-arm64, r-release-macos-x86_64, r-release-windows-x86_64, r-oldrel-macos-arm64, r-oldrel-macos-x86_64, r-oldrel-windows-ix86+x86_64