CRAN Package Check Results for Package pagoda2

Last updated on 2022-12-04 09:55:24 CET.

Flavor Version Tinstall Tcheck Ttotal Status Flags
r-devel-linux-x86_64-debian-clang 1.0.10 166.47 158.43 324.90 OK
r-devel-linux-x86_64-debian-gcc 1.0.10 131.62 116.71 248.33 OK
r-devel-windows-x86_64 1.0.10 200.00 202.00 402.00 OK
r-patched-linux-x86_64 1.0.10 130.54 141.00 271.54 OK
r-release-linux-x86_64 1.0.10 139.21 142.88 282.09 OK
r-release-macos-arm64 1.0.10 101.00 NOTE
r-release-macos-x86_64 1.0.10 155.00 NOTE
r-release-windows-x86_64 1.0.10 240.00 199.00 439.00 OK
r-oldrel-macos-arm64 1.0.10 83.00 NOTE
r-oldrel-macos-x86_64 1.0.10 135.00 NOTE
r-oldrel-windows-ix86+x86_64 1.0.10 410.00 221.00 631.00 OK

Check Details

Version: 1.0.10
Check: package dependencies
Result: NOTE
    Packages suggested but not available for checking: 'org.Dr.eg.db', 'scde'
Flavor: r-release-macos-arm64

Version: 1.0.10
Check: installed package size
Result: NOTE
     installed size is 7.0Mb
     sub-directories of 1Mb or more:
     libs 5.2Mb
Flavors: r-release-macos-arm64, r-release-macos-x86_64, r-oldrel-macos-arm64, r-oldrel-macos-x86_64

Version: 1.0.10
Check: package dependencies
Result: NOTE
    Package suggested but not available for checking: ‘scde’
Flavor: r-oldrel-macos-arm64