CRAN Package Check Results for Package padr

Last updated on 2020-08-07 10:07:38 CEST.

Flavor Version Tinstall Tcheck Ttotal Status Flags
r-devel-linux-x86_64-debian-clang 0.5.2 44.27 70.77 115.04 OK
r-devel-linux-x86_64-debian-gcc 0.5.2 29.90 52.72 82.62 OK
r-devel-linux-x86_64-fedora-clang 0.5.2 148.32 OK
r-devel-linux-x86_64-fedora-gcc 0.5.2 132.44 OK
r-devel-windows-ix86+x86_64 0.5.2 105.00 171.00 276.00 NOTE
r-patched-linux-x86_64 0.5.2 31.94 68.47 100.41 OK
r-patched-solaris-x86 0.5.2 155.90 OK
r-release-linux-x86_64 0.5.2 32.02 69.86 101.88 OK
r-release-macos-x86_64 0.5.2 OK
r-release-windows-ix86+x86_64 0.5.2 102.00 114.00 216.00 NOTE
r-oldrel-macos-x86_64 0.5.2 OK
r-oldrel-windows-ix86+x86_64 0.5.2 80.00 110.00 190.00 OK

Check Details

Version: 0.5.2
Check: installed package size
Result: NOTE
     installed size is 5.2Mb
     sub-directories of 1Mb or more:
     data 1.7Mb
     doc 1.3Mb
     libs 2.0Mb
Flavors: r-devel-windows-ix86+x86_64, r-release-windows-ix86+x86_64