CRAN Package Check Results for Package ozmaps

Last updated on 2020-08-13 09:49:05 CEST.

Flavor Version Tinstall Tcheck Ttotal Status Flags
r-devel-linux-x86_64-debian-clang 0.3.6 6.88 62.54 69.42 OK
r-devel-linux-x86_64-debian-gcc 0.3.6 5.83 47.73 53.56 OK
r-devel-linux-x86_64-fedora-clang 0.3.6 93.43 NOTE
r-devel-linux-x86_64-fedora-gcc 0.3.6 84.19 OK
r-devel-windows-ix86+x86_64 0.3.6 23.00 101.00 124.00 NOTE
r-patched-linux-x86_64 0.3.6 7.55 60.32 67.87 OK
r-patched-solaris-x86 0.3.6 120.70 NOTE
r-release-linux-x86_64 0.3.6 7.13 60.61 67.74 OK
r-release-macos-x86_64 0.3.6 NOTE
r-release-windows-ix86+x86_64 0.3.6 22.00 100.00 122.00 NOTE
r-oldrel-macos-x86_64 0.3.6 NOTE
r-oldrel-windows-ix86+x86_64 0.3.6 14.00 74.00 88.00 NOTE

Check Details

Version: 0.3.6
Check: installed package size
Result: NOTE
     installed size is 6.8Mb
     sub-directories of 1Mb or more:
     data 5.7Mb
Flavors: r-devel-linux-x86_64-fedora-clang, r-devel-windows-ix86+x86_64, r-patched-solaris-x86, r-release-macos-x86_64, r-release-windows-ix86+x86_64, r-oldrel-macos-x86_64, r-oldrel-windows-ix86+x86_64