Last updated on 2023-01-27 10:50:23 CET.
Flavor | Version | Tinstall | Tcheck | Ttotal | Status | Flags |
---|---|---|---|---|---|---|
r-devel-linux-x86_64-debian-clang | 0.4-0 | 2.45 | 32.35 | 34.80 | NOTE | |
r-devel-linux-x86_64-debian-gcc | 0.4-0 | 1.94 | 25.06 | 27.00 | NOTE | |
r-devel-linux-x86_64-fedora-clang | 0.4-0 | 44.44 | NOTE | |||
r-devel-linux-x86_64-fedora-gcc | 0.4-0 | 54.05 | NOTE | |||
r-patched-linux-x86_64 | 0.4-0 | 4.07 | 31.82 | 35.89 | NOTE | |
r-release-linux-x86_64 | 0.4-0 | 2.33 | 31.85 | 34.18 | NOTE | |
r-release-macos-arm64 | 0.4-0 | 22.00 | NOTE | |||
r-release-macos-x86_64 | 0.4-0 | 30.00 | NOTE | |||
r-release-windows-x86_64 | 0.4-0 | 14.00 | 59.00 | 73.00 | NOTE | |
r-oldrel-macos-arm64 | 0.4-0 | 27.00 | NOTE | |||
r-oldrel-macos-x86_64 | 0.4-0 | 41.00 | NOTE | |||
r-oldrel-windows-ix86+x86_64 | 0.4-0 | 7.00 | 61.00 | 68.00 | NOTE |
Version: 0.4-0
Check: LazyData
Result: NOTE
'LazyData' is specified without a 'data' directory
Flavors: r-devel-linux-x86_64-debian-clang, r-devel-linux-x86_64-debian-gcc, r-devel-linux-x86_64-fedora-clang, r-devel-linux-x86_64-fedora-gcc, r-patched-linux-x86_64, r-release-linux-x86_64, r-release-macos-arm64, r-release-macos-x86_64, r-release-windows-x86_64, r-oldrel-macos-arm64, r-oldrel-macos-x86_64, r-oldrel-windows-ix86+x86_64