CRAN Package Check Results for Package optpart

Last updated on 2020-08-11 09:48:42 CEST.

Flavor Version Tinstall Tcheck Ttotal Status Flags
r-devel-linux-x86_64-debian-clang 3.0-3 12.33 90.56 102.89 OK
r-devel-linux-x86_64-debian-gcc 3.0-3 9.66 70.13 79.79 OK
r-devel-linux-x86_64-fedora-clang 3.0-3 131.82 NOTE
r-devel-linux-x86_64-fedora-gcc 3.0-3 123.47 NOTE
r-devel-windows-ix86+x86_64 3.0-3 42.00 195.00 237.00 OK
r-patched-linux-x86_64 3.0-3 11.44 90.12 101.56 OK
r-patched-solaris-x86 3.0-3 190.20 OK
r-release-linux-x86_64 3.0-3 11.11 90.82 101.93 OK
r-release-macos-x86_64 3.0-3 OK
r-release-windows-ix86+x86_64 3.0-3 42.00 148.00 190.00 OK
r-oldrel-macos-x86_64 3.0-3 OK
r-oldrel-windows-ix86+x86_64 3.0-3 30.00 177.00 207.00 OK

Check Details

Version: 3.0-3
Check: Rd cross-references
Result: NOTE
    Undeclared package ‘vegan’ in Rd xrefs
Flavor: r-devel-linux-x86_64-fedora-clang

Version: 3.0-3
Check: compiled code
Result: NOTE
    File ‘optpart/libs/optpart.so’:
     Found no calls to: ‘R_registerRoutines’, ‘R_useDynamicSymbols’
    
    It is good practice to register native routines and to disable symbol
    search.
    
    See ‘Writing portable packages’ in the ‘Writing R Extensions’ manual.
Flavors: r-devel-linux-x86_64-fedora-clang, r-devel-linux-x86_64-fedora-gcc