Last updated on 2022-05-25 10:53:23 CEST.
Flavor | Version | Tinstall | Tcheck | Ttotal | Status | Flags |
---|---|---|---|---|---|---|
r-devel-linux-x86_64-debian-clang | 0.10.3 | 45.26 | 142.05 | 187.31 | NOTE | |
r-devel-linux-x86_64-debian-gcc | 0.10.3 | 34.23 | 103.90 | 138.13 | NOTE | |
r-devel-linux-x86_64-fedora-clang | 0.10.3 | 252.10 | NOTE | |||
r-devel-linux-x86_64-fedora-gcc | 0.10.3 | 222.90 | NOTE | |||
r-devel-windows-x86_64 | 0.10.3 | 160.00 | 190.00 | 350.00 | NOTE | |
r-patched-linux-x86_64 | 0.10.3 | 43.08 | 133.41 | 176.49 | NOTE | |
r-release-linux-x86_64 | 0.10.3 | NOTE | ||||
r-release-macos-arm64 | 0.10.3 | 70.00 | NOTE | |||
r-release-macos-x86_64 | 0.10.3 | 90.00 | NOTE | |||
r-release-windows-x86_64 | 0.10.3 | 145.00 | 179.00 | 324.00 | NOTE | |
r-oldrel-macos-arm64 | 0.10.3 | 63.00 | NOTE | |||
r-oldrel-macos-x86_64 | 0.10.3 | 88.00 | NOTE | |||
r-oldrel-windows-ix86+x86_64 | 0.10.3 | 110.00 | 247.00 | 357.00 | NOTE |
Version: 0.10.3
Check: package dependencies
Result: NOTE
Package suggested but not available for checking: 'rrelaxiv'
Flavors: r-devel-linux-x86_64-debian-clang, r-devel-linux-x86_64-debian-gcc, r-devel-linux-x86_64-fedora-clang, r-devel-linux-x86_64-fedora-gcc, r-devel-windows-x86_64, r-patched-linux-x86_64, r-release-linux-x86_64, r-release-macos-arm64, r-release-macos-x86_64, r-release-windows-x86_64, r-oldrel-macos-arm64, r-oldrel-macos-x86_64, r-oldrel-windows-ix86+x86_64
Version: 0.10.3
Check: installed package size
Result: NOTE
installed size is 5.2Mb
sub-directories of 1Mb or more:
doc 2.3Mb
libs 2.1Mb
Flavor: r-oldrel-windows-ix86+x86_64